reds digit of (1/((-6)/(-127)))/((-190)/(-452580))?
4
Let i = 78 + -75. Suppose i*d + 4*j - 1821 = 0, -5*d = -3*j - 0*j - 3064. What is the tens digit of d?
1
Let m be (-3)/(-12) + 175/56*-2. What is the tens digit of -1 + -1 + (-846)/m?
3
Let x(f) = -f**2 - 8*f - 7. Let a = -32 + 27. Let i be x(a). What is the units digit of (-1114)/(-8) - ((-46)/i - -6)?
9
Suppose -4*g + 5*u = -238980, 0*g + 2*g = -u + 119476. What is the ten thousands digit of g?
5
Let a(l) = 57*l**2 + 8*l**2 + 6*l - 11*l**2 - 30. What is the hundreds digit of a(4)?
8
Let o = 77 + -53. Suppose -4*p + o = 5*w, 0*p - 4 = p. Suppose 4*m = j - 20, 0 = 3*j + 3*m - 2*m - w. What is the units digit of j?
4
What is the tens digit of -7 + (-13)/(-1) + 9*3918 + -2?
6
Suppose -9*x - 29 + 83 = 0. Let l be x/15*(-110)/(-11). Suppose 3*z = -5*p + 766, 4*p + 474 = -2*z + l*z. What is the units digit of z?
7
Let d(t) = t**3 - 5*t**2 - 5*t + 9. Let p = 28 + -24. Let m be (5 - (-33)/(-9))*18/p. What is the units digit of d(m)?
5
Suppose -9*t - 36815 = -21*t + 186313. What is the thousands digit of t?
8
Let d = 15876 - 8769. What is the hundreds digit of d?
1
What is the tens digit of (-5118)/(3*(-12)/90)?
9
Suppose -11*i = -206 - 14. Suppose 0 = -4*m + i, 2*y + y = m + 1144. What is the hundreds digit of y?
3
Let r(f) = -8*f - 3. Let s be r(-4). Suppose -2*w - d = 140, 3*w = 57*d - 52*d - 236. Let h = s - w. What is the tens digit of h?
0
Suppose 3*r + 3 = 21. Let m(s) = 3*s**2 + 4*s + 7. Let d be m(r). Let v = d + -68. What is the tens digit of v?
7
Suppose 17 = 5*k + s, 2 - 3 = 2*k + 3*s. Suppose 5*x - 3503 = -l, -x + k*l - 7*l + 695 = 0. What is the tens digit of x?
0
Suppose 4*w - 2649 - 4011 = 0. Let z = w - 908. What is the tens digit of z?
5
Let w(k) = 4*k**2 + 17*k + 24. Let q(t) = -3*t**2 - 43*t + 19. Let b be q(-15). What is the hundreds digit of w(b)?
3
Suppose 5*m - 35762 = -12*g + 8*g, 0 = -2*m + g + 14297. What is the hundreds digit of m?
1
Let y(c) = -c**2 + 11*c + 142. Let u be y(16). Suppose u = -3*m + 1610. What is the tens digit of m?
1
Suppose 6*k - 8 = 22. Suppose k*a - 125 = 575. Suppose -56 = 7*s - a. What is the units digit of s?
2
Let o(x) = -7*x + 10*x - 36 + 8*x. Suppose k - 2*t - 1 = 0, -22 = -4*k - 11*t + 13*t. What is the units digit of o(k)?
1
Let c(n) = -n**3 - 6*n**2 + 9*n + 3. Let v be c(-7). Let m = v - -14. Suppose 2*i + 2*i + m*q - 736 = 0, 3*i - q - 565 = 0. What is the tens digit of i?
8
Let k be ((2 - -392) + -1)*(-100)/(-20). What is the units digit of -3 - (-10)/(50/k)?
0
Let r = -1371 + 6516. What is the hundreds digit of r?
1
Let l = -14454 + 26097. What is the tens digit of l?
4
What is the ten thousands digit of 468551/11 + 11 - ((-497)/77 + 7)?
4
Let p = -9567 + 14741. What is the hundreds digit of p?
1
Let m be (0/3)/((-1)/1). Suppose m = 17*n - 15*n - 244. What is the units digit of n?
2
Let v(r) = 19*r + 34. Let t be v(30). Let l = t + -366. What is the units digit of l?
8
Let h(g) be the first derivative of 8*g**3/3 + 5*g**2/2 + 6*g + 9. Let k(y) be the first derivative of h(y). What is the units digit of k(6)?
1
Let s be -7*(-285)/735 + 4/14. Suppose -7*x - 4 = -s*x, -4*x = 3*k - 3188. What is the thousands digit of k?
1
Let b be (0 - (-4)/(-10))*-5. Let z be (363/(-198) - 3/18) + 2. Suppose 2*a + 2 = 0, z = -b*x + 4*x - 3*a - 251. What is the tens digit of x?
2
Suppose 15849 = -7*a - 3751. Let y = -1828 - a. What is the units digit of 10/(-15)*y/(-8)?
1
Let k(f) = -f**2 - 16 - 11*f - 7*f - 18 + 4. Let c be k(-14). What is the units digit of -2 + 0 - c/(-2)?
1
Let y(j) = -27*j**2 - 29*j**3 - 47 - 6*j + 7*j**2 + 12*j**3 + 10*j**3 + 6*j**3. What is the units digit of y(-22)?
3
Let q(d) = -89*d**3 + 23*d**2 - 5*d - 6. What is the thousands digit of q(-4)?
6
Suppose -5*q - 3*l = -77665, -l - 46599 = 4*q - 7*q. What is the ten thousands digit of q?
1
Let q = 20146 + -10682. What is the hundreds digit of q?
4
Let m(d) = 8*d + 71. Let w be m(-9). What is the units digit of 244*(-21)/24*w*4?
4
Let g = -170532 - -268717. What is the units digit of g?
5
Suppose -46*u + 47*u - 5*l = 26493, -105876 = -4*u - 4*l. What is the ten thousands digit of u?
2
Let j(g) = -2*g**3 - 29*g**2 - 15*g - 16. Let c be j(-14). What is the hundreds digit of ((c - -3) + -7)*-26?
1
Let d be 3*2*3/2. Let p = 11 + d. What is the units digit of p?
0
Suppose -15*b = 23*b + 630778 - 2783896. What is the tens digit of b?
6
Let k(w) = w**3 + 11*w**2 + 2*w + 18. Let n be k(-11). Let t be (-2)/n - (-1715)/10. What is the tens digit of (-12)/(3 + 0) + t?
6
Let f = -39 - -46. Suppose -f*g + 2984 = 702. What is the tens digit of g?
2
Let j be 8/(-28) + (-170)/(-7). Let g(c) = 26*c - 36. Let d be g(14). What is the units digit of j/(-16)*d/(-6)?
2
Let o(x) = 3*x**3 + x**2 + x - 2. Let d be o(1). Let w be ((-44)/(-16) - d) + (-986)/(-8). Suppose -t + w = t + 3*y, 5*y - 58 = -t. What is the tens digit of t?
6
Let o be (10/4 - 3)*-6. Suppose -o = y - 5. Suppose 2*q + y*v - 50 = 0, 5*q - 2*v = 84 + 13. What is the tens digit of q?
2
Suppose -488*o = -491*o - c + 27899, -4*o - 5*c = -37206. What is the thousands digit of o?
9
Suppose 909 + 258 = 3*b. Let k be (-98)/(-2058) + (-15942)/63. Let a = b + k. What is the hundreds digit of a?
1
Let v = -105827 + 157487. What is the hundreds digit of v?
6
Let k be 2/((-2)/(-20)*-5). What is the units digit of 133236/84 - k/(-28)?
6
Suppose 429*w + 1378678 = 575*w. What is the tens digit of w?
4
Suppose -3*w - 4*d = -90127 - 33350, 5*d = 0. What is the tens digit of w?
5
Let i(s) = 21*s**2 - s - 66. What is the tens digit of i(12)?
4
Suppose 0 = -4*n - d + 49069, 4*d + 56139 = 5*n - 5171. What is the units digit of n?
6
Let j(b) = -b**3 - 36*b**2 - 523*b - 145. What is the ten thousands digit of j(-39)?
2
Let h = 455 - 219. Suppose 19*z = 9739 + h. What is the tens digit of z?
2
What is the units digit of 27/(33/11)*(-2746)/(-6)?
9
Suppose -5*n = -n + 432. Let w = -35 - n. Suppose -a - 3 = 4*b - 31, 0 = -a + 5*b + w. What is the tens digit of a?
4
What is the units digit of 430156/7 - 738/861?
0
Suppose 0 = a - 77 + 75. Suppose 223 = y + 2*x, -a*y + 214 = -y + 5*x. What is the hundreds digit of y?
2
Suppose -5*f + 4076 + 132 = o, 4*f = -5*o + 21040. What is the tens digit of o?
0
Suppose -2*l - 4*j = -62, 2*j = -5*l - 0*j + 131. Let f be -15*(-4 + 290/l). Let c = -77 - f. What is the tens digit of c?
3
Suppose 0*h - 2*x + 3791 = 5*h, 5*h - 4*x = 3773. Let c = h + -457. What is the tens digit of c?
0
Let y(h) = h**3 + 7*h**2 - 27*h - 6. Let s = 7 - 21. Let l(w) = -w**3 - 14*w**2 + 4*w + 47. Let j be l(s). What is the units digit of y(j)?
5
Let v(q) be the second derivative of 11*q**4/24 - 2*q**3 + 7*q**2/2 - 14*q. Let r(k) be the first derivative of v(k). What is the tens digit of r(6)?
5
Let s = 43 - 37. Let c(m) = -12 - s*m + 2*m - 3. What is the tens digit of c(-10)?
2
Suppose 309*i + 240834 = 5*g + 310*i, 4*i = 5*g - 240864. What is the ten thousands digit of g?
4
Let p(d) = 24*d**2 - 125*d - 192. What is the thousands digit of p(-17)?
8
Suppose 21 = -9*o + 75. Suppose 15 = -o*u + 33. Suppose 100 + 28 = 2*s - l, u*s - 195 = 3*l. What is the units digit of s?
3
Suppose -9*x = -2661 - 975. Let q = x + -205. What is the units digit of q?
9
Suppose -56*n + 39111 = -1549766 + 79341. What is the ten thousands digit of n?
2
Suppose 0 = 2*a - 0*a. Let f(l) = -7*l - 4. Let s be f(-1). Suppose a*p - 2*p = b - 13, s*p - 15 = 0. What is the units digit of b?
3
Suppose -9*q + 76 = -50. Suppose q*u = 29*u - 13965. What is the hundreds digit of u?
9
Let t(g) = 6*g**2 - 19*g + 52. Suppose -3 = m + 6*o - o, -2*m + 2*o + 18 = 0. What is the tens digit of t(m)?
1
Let u(m) = -m**2 - 10*m - 1. Let o be u(-8). Let n(b) = -b + 19. Let w be n(21). What is the units digit of 79/w*(-7 - o/(-3))?
9
Let p(t) = 1492*t + 1467. What is the thousands digit of p(8)?
3
Let z(r) = r**3 + 164*r**2 + 578*r + 209. What is the hundreds digit of z(-159)?
7
Let u(a) be the first derivative of -9*a**2 + 106*a + 37. What is the tens digit of u(-15)?
7
Let i(m) = -8*m - 22. Let f be i(-2). What is the hundreds digit of (f/(-3) + -253)*-1 + 3?
2
Let d be ((-35)/14)/((-41)/12 - -3). What is the tens digit of 16/(-8)*d/(-4) - -1717?
2
Let t = -90 - -96. Let p be (10/(-1))/(t/(-27)). Suppo